 5*v = -14 - 126. Let g = v + 127. What are the prime factors of g?
3, 11
Let q = -7 - -15. List the prime factors of (q*(-2)/10)/((-4)/170).
2, 17
Let x(o) = -o - 2. Let t be x(-2). Suppose -2*r = -t*r - 28. What are the prime factors of r?
2, 7
Suppose 0 = 19*m - 3*m - 27824. List the prime factors of m.
37, 47
Let s = 50 - 1. Suppose u + 2*m = 91, 3*u - s = -m + 229. List the prime factors of u.
3, 31
Suppose -4*g + 29 = 13, 0 = -5*r - 2*g + 2423. List the prime factors of r.
3, 7, 23
Let k = 52 - 72. List the prime factors of (-4322)/k - 1/10.
2, 3
Suppose 0*a = -3*a + 6. Let b(q) = 2*q**2 - 3. Let z be b(a). List the prime factors of z/2 + 12/(-24).
2
Let j(b) be the third derivative of -b**6/120 - 2*b**2. Let o be j(0). Suppose -k - 3 + 21 = o. List the prime factors of k.
2, 3
Suppose -4*g - 17 = 15. Let a be (g/(-10))/((-1)/(-60)). List the prime factors of (-6)/a + 322/16.
2, 5
Let l = 59 - 23. List the prime factors of (l + -1 - -3)/2 + 2.
3, 7
Let s(x) = x**2 + 22*x + 20. List the prime factors of s(18).
2, 5, 37
Suppose -3*c - 3*j = -2571, 5*c + j - 2795 - 1490 = 0. List the prime factors of c.
857
Let m(s) = s + 30. Let d be -1 - -1*(-1 - -2). List the prime factors of m(d).
2, 3, 5
Let a(g) = -g - 9. Let v be a(-14). Suppose 0*q - v*q - 2*t + 451 = 0, -5*t = 3*q - 263. List the prime factors of q.
7, 13
Let f = 65 - -25. Suppose 0 = -4*i + 2 + 14. Suppose -m = i*m - f. List the prime factors of m.
2, 3
Suppose 5*q - 2*t - 3519 = -494, -5*t = -q + 582. List the prime factors of q.
607
Let a(s) = 24*s + 11. Let n be a(6). Suppose 45 = 5*c - n. What are the prime factors of c?
2, 5
Let l = 209 - 134. Let q = l - -25. What are the prime factors of q?
2, 5
Suppose 0 = -21*d + 8368 + 2237. List the prime factors of d.
5, 101
Let t(i) = 162*i + 33. What are the prime factors of t(7)?
3, 389
Suppose -2*t - 7*t = -3528. What are the prime factors of t?
2, 7
Let c(d) = -35*d - 182. What are the prime factors of c(-16)?
2, 3, 7
Let y(n) = n**3 + 18*n**2 - 29*n - 45. Let c be 62*(-9)/30 - 4/10. List the prime factors of y(c).
5, 29
Let x be (1 + -1 - -2)/(-2 - -4). List the prime factors of (-114 - -20)*(-2 + x).
2, 47
Let c = 1217 - 1099. What are the prime factors of c?
2, 59
Suppose -2*c + 56 = 4*r + 3*c, 2*c = -5*r + 70. Suppose 0 = o + r + 4. List the prime factors of (-8)/(-12)*o/(-4).
3
Let o(j) = -43*j - 1. Let l be o(-3). Suppose -l = -3*i + i. List the prime factors of i.
2
Let b be (11 - 10)/((-2)/272). Let t = b - -341. What are the prime factors of t?
5, 41
Let f = 3307 - 2250. Suppose -h - f + 216 = -4*u, 2*h = 4*u - 838. List the prime factors of u.
211
What are the prime factors of 12/20 - (2 - 384/10)?
37
Let v = 23 - 30. Let y = 11 + v. List the prime factors of 12*(-2 - (1 - y)).
2, 3
Suppose -b = 2*b + 5*f - 12, -5*b + 20 = -4*f. Suppose -5*x - 40 = 5*o, 0 = b*x - 7*o + 3*o + 40. List the prime factors of ((-2)/1)/2*x.
3
Suppose -46 = -3*b - 37. Suppose x - 40 - 39 = 3*t, x = 2*t + 80. Suppose 3*p - p - 32 = -i, -b*i + x = -p. What are the prime factors of i?
2, 7
Let d(o) = 2*o**2 + 11*o - 3. Let c be d(-8). Let p = -5 - -7. Suppose p*k = 21 + c. List the prime factors of k.
29
Let c(x) = 26*x**2 + 14*x + 45. What are the prime factors of c(10)?
5, 557
Suppose -139*m - 642 = -141*m. List the prime factors of m.
3, 107
Suppose -4*p + 788 = -168. Let i = -157 + p. Suppose 4*v = 286 - i. What are the prime factors of v?
3, 17
Suppose y - 7*u + 2*u = -47, -2*y - 4*u - 52 = 0. Let m = y - -32. Suppose -39 - 6 = -w - 5*h, -3*w + 3*h + 117 = m. List the prime factors of w.
2, 5
Suppose -4*v + 20 = 3*b - b, -b + 7 = v. Suppose -v*m + 4 = -56. List the prime factors of ((-3)/(-5))/(4/m).
3
Let p(j) = -j**3 - 3*j**2 - 5*j + 4. Let q be p(-6). List the prime factors of (q/3)/((-58)/(-18) - 3).
3, 71
Let h(s) = s**3 - 2*s**2 - 4*s - 12. Let u(x) = -x**2 + 9*x - 12. Let z be u(6). Let q be h(z). Suppose -3*o - q = -5*o. What are the prime factors of o?
2, 3
Let f(z) = z**2 - 43*z + 108. What are the prime factors of f(51)?
2, 3, 43
Let g(t) = 4*t - 12. Let l(y) = 4*y**2 + 2*y + 2. Let h be l(-2). List the prime factors of g(h).
2, 11
Let a(k) = -k**3 + k**2 + 7*k + 1. Let v(g) = 3*g**3 - 4*g**2 - 20*g - 2. Suppose o = -0*o + 8. Let y(d) = o*a(d) + 3*v(d). List the prime factors of y(5).
7
Suppose 5*q - 17 - 8 = 0. Suppose -q*a + 7 = -8. Suppose 0 = a*m - 15 - 60. List the prime factors of m.
5
Let x(u) = 6*u - 29. Let w(g) = 5*g - 2. Let n be w(3). List the prime factors of x(n).
7
Suppose 0 = 4*q - 2*r - 334, 0 = -4*q - 0*q + 4*r + 324. Suppose -y = -2*t - 5*y + q, -2*y = -3*t + 97. What are the prime factors of t?
5, 7
Let s(f) = -f**3 - f**2 + 4*f - 6. Let b be s(3). Let n(j) = j**3 + 7*j**2 - 2*j + 4. Let u be n(-6). Let m = b + u. List the prime factors of m.
2, 11
Suppose -650*j = -646*j - 724. List the prime factors of j.
181
Let o(r) = r**3 + 4*r**2 - r + 4. Let w = -6 + 2. Let t be o(w). Suppose -5*m - 10 = 0, -3*m = -t*k + 3*k + 156. What are the prime factors of k?
2, 3, 5
Let z be 1/(2/2 - 0). Suppose -h = -6*h + 4*o - 17, 2*h - z = -o. Let y = h + 17. What are the prime factors of y?
2
Suppose -1485 = i - 4*i. List the prime factors of i.
3, 5, 11
Suppose 31*h - 27130 - 45069 = 0. What are the prime factors of h?
17, 137
Suppose 0 = -5*c - 0*c. Suppose c = -12*m + 14*m - 10. Suppose 2*f - z = 26, -m*f + 35 = 2*z - 30. List the prime factors of f.
13
What are the prime factors of -22*(3 + -50 - -7)?
2, 5, 11
Let w be 1/(-5) - 3/(-15). Suppose w = -2*i + 4*i. Suppose 0 = -2*g - i + 18. List the prime factors of g.
3
Suppose -5*v + 3*f + 822 = -6953, 5*v - 2*f = 7780. List the prime factors of v.
2, 19, 41
List the prime factors of (-11685)/(-12) - 12/16.
7, 139
Suppose -a + 1584 = 3*i + 2*a, 1050 = 2*i + 5*a. List the prime factors of i.
2, 5, 53
Let i(x) = -x**3 + 13*x**2 - 13*x + 15. Let z be i(12). Let y(q) = -4*q + 0*q + 1 + z*q + 2*q. What are the prime factors of y(2)?
3
Let l(u) = -889*u - 55. List the prime factors of l(-2).
1723
Suppose 9*q = 12*q - 414. Suppose 13*v - 11*v = q. What are the prime factors of v?
3, 23
Suppose -d + 2*c + 264 = 78, 3*c = 2*d - 370. List the prime factors of d.
2, 7, 13
Suppose -3*a - 2*f = -4, 0*a - 10 = -a - 5*f. Suppose -3*c + 4*c + 456 = 5*s, -4*s - 3*c + 380 = a. What are the prime factors of s?
2, 23
Let j(m) be the first derivative of m**2/2 + 10*m + 23. Let k(y) = -y**2 - y - 8. Let b be k(0). List the prime factors of j(b).
2
Let g(y) = -26*y**2 + 2*y + 1. Let a be g(-1). Let o = -27 - a. Suppose 5*j - 186 = n, -5*j - 5*n = -o*j - 180. What are the prime factors of j?
37
Let z(a) be the third derivative of -1/6*a**3 + 0 + 0*a + 11*a**2 + 1/24*a**4 + 1/15*a**5. List the prime factors of z(-3).
2
Suppose 0 = -10*o + 11119 + 24231. What are the prime factors of o?
5, 7, 101
Let c = -31 + 33. Suppose 13 = c*t - 11. What are the prime factors of t?
2, 3
Let b = 804 - 55. What are the prime factors of b?
7, 107
Suppose j - 2*j = 40. Let v(q) = q**3 - 32*q**2 + 33*q - 58. Let u be v(31). List the prime factors of 154/u*j/(-70).
2, 11
Let h(w) = -w - 12. Let j(l) = 13. Let m(k) = 4*h(k) + 3*j(k). Let i be m(-3). Let a(n) = n**3 + n**2 - 2*n - 2. What are the prime factors of a(i)?
2, 7
Let s(v) = 14*v**2 - 24*v - 40. What are the prime factors of s(-17)?
2, 2207
Suppose -40 = -2*v - 4*n, 2*n = -0*v - 5*v + 68. What are the prime factors of (2 - 63/(-14))/(2/v)?
3, 13
Let m(l) = -5*l**3 + 2*l**2 + 3*l. Let g be m(-2). Suppose 8*r - 5*r - g = 0. Let v = 6 + r. What are the prime factors of v?
2, 5
Let m = 736 - 568. List the prime factors of m.
2, 3, 7
Let h(g) = 8*g**2 + 2*g - 3. Let w be h(6). Let z be 1/3 - (0 - 6/(-18)). Suppose 3*k + 72 = -z*m + m, -w = -4*m + 3*k. List the prime factors of m.
3, 5
Let t be (13/(-2))/((-5)/(-20)). What are the prime factors of (-13)/t + (-47)/(-2)?
2, 3
Suppose 3*g - 15 + 0 = 0. Suppose -k + 150 = g*z - 20, -3*k - 85 = -2*z. What are the prime factors of z?
5, 7
Suppose -12 = 3*z - 6*z. Suppose z*k - 62 = 158. List the prime factors of k.
5, 11
Let s be (-482)/(-18) + (-6)/(-27). Suppose -232 = -4*o + 4*m, 2*m - 191 = -3*o - s. Suppose -2*a = -4*d - o, -21 = -5*a + d + 119. List the prime factors of a.
2, 7
Suppose 560 = 9*a - 7*a. Suppose -5